{"id":53,"date":"2025-11-14T23:22:08","date_gmt":"2025-11-14T22:22:08","guid":{"rendered":"https:\/\/secondpage.hellostrona.pl\/?page_id=53"},"modified":"2025-11-14T23:30:57","modified_gmt":"2025-11-14T22:30:57","slug":"jak-wyglada-twoja-droga-w-projekcie-moneystar","status":"publish","type":"page","link":"https:\/\/secondpage.hellostrona.pl\/?page_id=53","title":{"rendered":"O projekcie"},"content":{"rendered":"\n<div class=\"moja-sekcja-akordeon\">\r\n  <h2>Dlaczego warto zacz\u0105\u0107?<\/h2>\r\n\r\n  <details>\r\n    <summary>\ud83d\udc8e Wszystko na start masz za darmo<\/summary>\r\n    <p>Ju\u017c od pierwszego dnia dostajesz pe\u0142en pakiet korzy\u015bci \u2013 bez \u017cadnych op\u0142at i bez zobowi\u0105za\u0144.<\/p>\r\n  <\/details>\r\n\r\n  <details>\r\n    <summary>\ud83d\udc8e Dzia\u0142asz nawet bez do\u015bwiadczenia<\/summary>\r\n    <p>Rozwi\u0105zania s\u0105 na tyle proste, \u017ce poradzisz sobie nawet je\u015bli dopiero zaczynasz swoj\u0105 drog\u0119.<\/p>\r\n  <\/details>\r\n\r\n  <details>\r\n    <summary>\ud83d\udc8e Ka\u017cdy dzie\u0144 zw\u0142oki to stracone mo\u017cliwo\u015bci<\/summary>\r\n    <p>Im szybciej zaczniesz, tym wi\u0119cej zyskasz \u2013 nie odk\u0142adaj dzia\u0142ania na p\u00f3\u017aniej.<\/p>\r\n  <\/details>\r\n\r\n  <details>\r\n    <summary>\ud83d\udc8e Wsparcie osoby, kt\u00f3ra ju\u017c osi\u0105gn\u0119\u0142a wyniki<\/summary>\r\n    <p>Dzia\u0142asz razem z praktykiem, kt\u00f3ry poprowadzi Ci\u0119 krok po kroku \u2013 uczysz si\u0119 od kogo\u015b, kto zna drog\u0119.<\/p>\r\n  <\/details>\r\n\r\n  <details>\r\n    <summary>\ud83d\udc8e Tylko 5 prostych etap\u00f3w \u2014 efekt na lata<\/summary>\r\n    <p>Przejrzysty plan dzia\u0142ania ze wsparciem \u2013 osi\u0105gnij trwa\u0142e rezultaty w kilku konkretnych krokach.<\/p>\r\n  <\/details>\r\n<\/div>\n","protected":false},"excerpt":{"rendered":"<p>Dlaczego warto zacz\u0105\u0107? \ud83d\udc8e Wszystko na start masz za darmo Ju\u017c od pierwszego dnia dostajesz pe\u0142en pakiet korzy\u015bci \u2013 bez \u017cadnych op\u0142at i bez zobowi\u0105za\u0144. \ud83d\udc8e Dzia\u0142asz nawet bez do\u015bwiadczenia Rozwi\u0105zania s\u0105 na tyle proste, \u017ce poradzisz sobie nawet je\u015bli dopiero zaczynasz swoj\u0105 drog\u0119. \ud83d\udc8e Ka\u017cdy dzie\u0144 zw\u0142oki to stracone mo\u017cliwo\u015bci Im szybciej zaczniesz, tym&hellip;&nbsp;<a href=\"https:\/\/secondpage.hellostrona.pl\/?page_id=53\" rel=\"bookmark\"><span class=\"screen-reader-text\">O projekcie<\/span><\/a><\/p>\n","protected":false},"author":1,"featured_media":0,"parent":0,"menu_order":0,"comment_status":"closed","ping_status":"closed","template":"","meta":{"neve_meta_sidebar":"","neve_meta_container":"","neve_meta_enable_content_width":"","neve_meta_content_width":0,"neve_meta_title_alignment":"","neve_meta_author_avatar":"","neve_post_elements_order":"","neve_meta_disable_header":"","neve_meta_disable_footer":"","neve_meta_disable_title":"","footnotes":""},"class_list":["post-53","page","type-page","status-publish","hentry"],"_links":{"self":[{"href":"https:\/\/secondpage.hellostrona.pl\/index.php?rest_route=\/wp\/v2\/pages\/53","targetHints":{"allow":["GET"]}}],"collection":[{"href":"https:\/\/secondpage.hellostrona.pl\/index.php?rest_route=\/wp\/v2\/pages"}],"about":[{"href":"https:\/\/secondpage.hellostrona.pl\/index.php?rest_route=\/wp\/v2\/types\/page"}],"author":[{"embeddable":true,"href":"https:\/\/secondpage.hellostrona.pl\/index.php?rest_route=\/wp\/v2\/users\/1"}],"replies":[{"embeddable":true,"href":"https:\/\/secondpage.hellostrona.pl\/index.php?rest_route=%2Fwp%2Fv2%2Fcomments&post=53"}],"version-history":[{"count":2,"href":"https:\/\/secondpage.hellostrona.pl\/index.php?rest_route=\/wp\/v2\/pages\/53\/revisions"}],"predecessor-version":[{"id":56,"href":"https:\/\/secondpage.hellostrona.pl\/index.php?rest_route=\/wp\/v2\/pages\/53\/revisions\/56"}],"wp:attachment":[{"href":"https:\/\/secondpage.hellostrona.pl\/index.php?rest_route=%2Fwp%2Fv2%2Fmedia&parent=53"}],"curies":[{"name":"wp","href":"https:\/\/api.w.org\/{rel}","templated":true}]}}